{"id":3900,"date":"2025-08-08T18:20:20","date_gmt":"2025-08-08T18:20:20","guid":{"rendered":"https:\/\/st-barnabaschurch.com\/?page_id=3900"},"modified":"2026-05-03T14:43:32","modified_gmt":"2026-05-03T19:43:32","slug":"sundays-with-sbarnabas","status":"publish","type":"page","link":"https:\/\/st-barnabaschurch.com\/index.php\/sundays-with-sbarnabas\/","title":{"rendered":"This Sunday with S+Barnabas"},"content":{"rendered":"\n<div class=\"wp-block-buttons is-layout-flex wp-block-buttons-is-layout-flex\">\n<div class=\"wp-block-button\"><a class=\"wp-block-button__link has-vivid-cyan-blue-background-color has-background has-small-font-size has-custom-font-size wp-element-button\" href=\"https:\/\/st-barnabaschurch.us17.list-manage.com\/subscribe?u=398e95da11d3fd7af1dbcd589&amp;id=7ff07cce42\" style=\"border-radius:16px\" target=\"_blank\" rel=\"noreferrer noopener\"><em>subscribe to our weekly email list<\/em><\/a><\/div>\n<\/div>\n\n\n\n<p><\/p>\n\n\n\n<p>All are welcome to come and worship, Sundays at 10:00Am<\/p>\n\n\n\n<p>La paz sea con vosotros, S\u00ed, bienvenidos a Sainte Barnabas.<br><a href=\"https:\/\/www.mapquest.com\/ca\/quebec\/saint-barnabas-church-359247430\" target=\"_blank\" rel=\"noreferrer noopener\">95, avenue Lorne, Saint-Lambert,&nbsp;QC&nbsp; J4P 2G7<\/a><\/p>\n\n\n\n<figure class=\"wp-block-image size-full is-resized\"><img loading=\"lazy\" decoding=\"async\" width=\"720\" height=\"270\" src=\"https:\/\/st-barnabaschurch.com\/wp-content\/uploads\/2026\/05\/FB-Header-May-3.gif\" alt=\"\" class=\"wp-image-4586\" style=\"width:840px;height:auto\"\/><\/figure>\n\n\n\n<p><strong>May we come to know the way, the truth, and the life | Puissions-nous conna\u00eetre le chemin, la v\u00e9rit\u00e9 et la vie.<\/strong><br>YouTube Service; <a href=\"https:\/\/youtu.be\/u9cTH6xCjNs\">https:\/\/youtu.be\/u9cTH6xCjNs<\/a><br>YouTube Sermon; <a href=\"https:\/\/youtu.be\/GVqNAkTXr7I\">https:\/\/youtu.be\/GVqNAkTXr7I<\/a><\/p>\n\n\n\n<p><a href=\"https:\/\/www.biblegateway.com\/passage\/?search=ACTS%207%3A55-60%3B%20PSALM%2031%3A1-5%2C%2015-16%3B%201%20PETER%202%3A2-10%3B%20JOHN%2014%3A1-14&amp;version=NRSVA;BDS;NIV\" target=\"_blank\" rel=\"noreferrer noopener\">ACTS 7:55-60; PSALM 31:1-5, 15-16; 1 PETER 2:2-10; JOHN 14:1-14<\/a><\/p>\n\n\n\n<p>THE BLESSING \u2013 Almighty God, may we come to know the way to you our heavenly Father, through your son Jesus the Christ who is, the way, the truth, and the life. In his name and as your people, we ask for your mercy, that at that time, on that day, we will see heaven open as you receive our spirit.<br>LA B\u00c9N\u00c9DICTION \u2013 Dieu Tout-Puissant, puissions-nous conna\u00eetre le chemin vers toi notre P\u00e8re c\u00e9leste, par ton fils J\u00e9sus le Christ qui est, le chemin, la v\u00e9rit\u00e9 et la vie. En son nom et en tant que ton peuple, nous te demandons ta mis\u00e9ricorde, afin que, ce jour-l\u00e0, \u00e0 ce moment-l\u00e0, nous voyions le ciel s\u2019ouvrir tandis que tu recevras notre esprit.<\/p>\n","protected":false},"excerpt":{"rendered":"<p>All are welcome to come and worship, Sundays at 10:00Am La paz sea con vosotros, S\u00ed, bienvenidos a Sainte Barnabas.95, avenue Lorne, Saint-Lambert,&nbsp;QC&nbsp; J4P 2G7 May we come to know&hellip;<\/p>\n","protected":false},"author":5,"featured_media":4586,"parent":0,"menu_order":0,"comment_status":"closed","ping_status":"closed","template":"","meta":{"footnotes":""},"class_list":["post-3900","page","type-page","status-publish","has-post-thumbnail","hentry"],"_links":{"self":[{"href":"https:\/\/st-barnabaschurch.com\/index.php\/wp-json\/wp\/v2\/pages\/3900","targetHints":{"allow":["GET"]}}],"collection":[{"href":"https:\/\/st-barnabaschurch.com\/index.php\/wp-json\/wp\/v2\/pages"}],"about":[{"href":"https:\/\/st-barnabaschurch.com\/index.php\/wp-json\/wp\/v2\/types\/page"}],"author":[{"embeddable":true,"href":"https:\/\/st-barnabaschurch.com\/index.php\/wp-json\/wp\/v2\/users\/5"}],"replies":[{"embeddable":true,"href":"https:\/\/st-barnabaschurch.com\/index.php\/wp-json\/wp\/v2\/comments?post=3900"}],"version-history":[{"count":121,"href":"https:\/\/st-barnabaschurch.com\/index.php\/wp-json\/wp\/v2\/pages\/3900\/revisions"}],"predecessor-version":[{"id":4603,"href":"https:\/\/st-barnabaschurch.com\/index.php\/wp-json\/wp\/v2\/pages\/3900\/revisions\/4603"}],"wp:featuredmedia":[{"embeddable":true,"href":"https:\/\/st-barnabaschurch.com\/index.php\/wp-json\/wp\/v2\/media\/4586"}],"wp:attachment":[{"href":"https:\/\/st-barnabaschurch.com\/index.php\/wp-json\/wp\/v2\/media?parent=3900"}],"curies":[{"name":"wp","href":"https:\/\/api.w.org\/{rel}","templated":true}]}}